2. Let a be (128/(-24))/4 - n/(-6). Calculate the greatest common factor of a and 26.
26
Let t = 2562 - 2461. Calculate the greatest common divisor of t and 7171.
101
Let j(d) = -2*d**2 - 30*d + 231. Let p be j(-18). What is the highest common factor of 205 and p?
41
Suppose -f + 8 = 707*j - 702*j, -3*j = 5*f - 18. Calculate the greatest common factor of f and 6057.
3
Suppose -3*b - b - 52 = 0. Let i = -6 - b. Suppose 4*v - 3*s + 0*s = 19, 0 = 3*v + 4*s - 33. Calculate the greatest common factor of i and v.
7
Let w(g) = -8*g**2 + 55*g - 3. Let c be w(6). Let q = 61 - c. Calculate the highest common factor of q and 242.
22
Let c(t) be the third derivative of t**5/30 + 11*t**4/12 - 65*t**3/6 - 61*t**2. Let h be c(-24). Calculate the highest common factor of 43 and h.
43
Suppose -o = 5*r + 92 - 144, 0 = -2*r - 2*o + 32. Suppose 0 = -z - 5*l + 18, -3*l + 50 = z + z. Let w = z - 10. Calculate the highest common divisor of r and w.
9
Let f = 14946 + -14351. Calculate the highest common factor of f and 765.
85
Suppose -k = -5, 237*p + 2*k - 8290 = 235*p. What is the highest common factor of p and 10?
10
Let h be 3 + 436*3/6. Let n(q) = -q**2 + 89*q - 773. Let d be n(79). Calculate the greatest common factor of d and h.
17
Suppose 6*u - 2*u + 5*k - 61 = 0, 5*u + 5*k = 80. Let r = 19 - u. Let t = r + 6. What is the highest common divisor of t and 15?
3
Suppose 3*k + 0*k = 12, 4*t - 112 = -5*k. Suppose 5*o = t + 12. Suppose -3*d + o*d = 28. Calculate the highest common factor of d and 7.
7
Suppose 4*w - 391 = 3*z, z + w + 0*w + 128 = 0. Let v = z - -130. What is the highest common divisor of v and 37?
1
Let n = 1053 + -1021. Let k(a) = 10*a**3 - 5*a**2 + 4*a + 7. Let q be k(5). What is the greatest common factor of n and q?
32
Suppose -140 = -10*q + 7630. What is the highest common factor of q and 1776?
111
Let w be 2/8 + 616192/1024. What is the greatest common factor of 658 and w?
14
Let n = -6807 + 6977. Calculate the highest common divisor of n and 9435.
85
Let y(q) = -q**3 + 21*q**2 - 36*q - 40. Let n be y(19). Let a = -57 + 3. Let o be a/n - 18/(-18). Calculate the highest common divisor of 7 and o.
7
Let h be (1 + 2)/((48/(-18))/8). Let u be (-535)/(-3) + (-6)/h. Suppose -f + 5*f - u = n, 117 = 3*f + 5*n. What is the highest common divisor of 11 and f?
11
Let i(h) = -h**3 - 44*h**2 + 64*h + 359. Let s be i(-47). What is the highest common divisor of 351 and s?
117
Let x = 4755 - 4736. Calculate the highest common divisor of 5833 and x.
19
Let c be 29*(-6)/(-21) - (-2)/(-7). Let a be 3 - (-3)/(6/c). Let v(g) = g**2 + 7*g - 4. Let m be v(5). Calculate the highest common divisor of a and m.
7
Suppose -221 = -2*b - 5*p, 0 = -0*b - 2*b - 4*p + 224. Calculate the greatest common factor of 826 and b.
118
Suppose -4*a - 53 = -53. Suppose a = x + 128 - 136. What is the highest common factor of x and 36?
4
Suppose -927*f = -929*f - 2*l + 10048, -15092 = -3*f + 2*l. Calculate the highest common divisor of 6 and f.
6
Suppose 91*r - 95*r = 12, r - 57 = -5*y. Let w(i) = i**3 - 3*i**2 + 2. Let h be w(5). What is the highest common divisor of y and h?
4
Let o(g) = -2*g**3 - 26*g**2 - 5. Let n be o(-14). Let t = -230 - -273. What is the greatest common factor of n and t?
43
Let j(a) = a**2 + 53*a + 255. Let r be j(-59). Calculate the highest common divisor of 651 and r.
21
Let h be ((-120)/80)/(1 + 0 + (-417)/414). What is the highest common divisor of h and 11040?
69
Let t = -690 - -699. Suppose -419 = -2*s + 5*j, 2*s + 5*j - 410 = j. What is the highest common factor of s and t?
9
Let q = -15135 - -16292. What is the greatest common divisor of 1513 and q?
89
Suppose -4*o - 5 = -j, -5*o + 21*j - 26*j + 25 = 0. Suppose 65*l - 62*l - 132 = o. Calculate the greatest common factor of 110 and l.
22
Let f = 4264 - 540. Calculate the greatest common factor of 196 and f.
196
Let a = 2453 + -2156. What is the highest common factor of a and 15?
3
Let s = -520 + 767. Let y be -1*(376/(-20) - 2/10). Calculate the greatest common divisor of s and y.
19
Suppose 0 = -3*k + 3*v + 2514, v = -k + 1013 - 159. What is the highest common divisor of 1786 and k?
94
Let t be 4*-1*242/(-66)*(-20670)/(-20). Calculate the highest common factor of 143 and t.
143
Let n(s) = s. Let r be n(2). Let h(c) = c**3 - c + 3. Let w be h(r). Suppose -w*p = -72 - 54. Calculate the greatest common divisor of p and 35.
7
Suppose -w - 5 = 0, -6*w + 9*w = 4*t - 35887. What is the highest common divisor of t and 152?
152
Suppose -4*b - 2*u + 872 = 0, 375 = -5*b + 5*u + 1465. What is the greatest common divisor of 2180 and b?
218
Suppose -2*o + 3*t + 55 = 0, -103 + 268 = 4*o + 5*t. Calculate the highest common divisor of 8435 and o.
35
Let n = -9465 + 9535. Calculate the greatest common divisor of n and 41230.
70
Suppose -10257*g = -10273*g + 34176. What is the highest common divisor of 24 and g?
24
Let j = 13 - -14. Suppose 1264 = 3*x - 4*a, 2*x + 4*a - 426 - 470 = 0. Calculate the greatest common factor of j and x.
27
Let d = -5448 + 5618. Calculate the greatest common divisor of d and 323.
17
Let f = -356 + 666. Let o = 3931 + -3807. What is the highest common divisor of o and f?
62
Let w = -598 - -956. Suppose 4*g + 2*k - w = 0, -k + 70 = -2*g + 255. What is the greatest common factor of g and 13?
13
Suppose -4 = -h, m = 4*m - 2*h - 352. Suppose 38*q + 55*q - 20088 = 0. What is the greatest common factor of m and q?
24
Let j = -41 - -52. Suppose 4*s + 3*b = j, 0 - 2 = -s - b. Suppose 208 = s*t + 68. Calculate the highest common factor of t and 4.
4
Suppose 5*b - 4 + 49 = 0. Let m be b/(-4) + (-9)/(-12). Suppose m*p + 0*p + 3 = -5*f, -19 = -4*p + f. What is the greatest common divisor of p and 8?
4
Let q(t) = -t**2 + 25*t + 3. Let r be q(18). Suppose 5*d - r = -49. Calculate the greatest common divisor of d and 784.
16
Suppose -p - 4*w = 3*p + 1100, 0 = -w + 5. Let y = -276 - p. What is the greatest common divisor of y and 68?
4
Let m = 7376 - 6526. Calculate the greatest common factor of m and 306.
34
Suppose 9 = 3*z - 171. Let l(b) = 14*b**2 - 191*b - 62. Let q be l(14). Calculate the greatest common divisor of q and z.
4
Let g(z) = -53 + z**3 + 21*z + 62*z**2 + 79*z**2 - 126*z**2. Let u be g(-13). What is the greatest common divisor of u and 3?
3
Let l be 3 - 1/(1054/1246 + 144/(-168)). Calculate the greatest common factor of l and 11132.
92
Suppose 53*f = -17*f - 101*f + 4104. Let c = 75 + 9. Calculate the greatest common factor of c and f.
12
Suppose -l = 6*q - 1154, -2*l = 7*q - 2*q - 964. What is the greatest common divisor of q and 624?
48
Let r be 194 - (-2 + 1)*1. Let h = -56 - -130. Suppose -d = -2*g + h, 2*d - 4 - 4 = 0. Calculate the highest common divisor of r and g.
39
Let i = 1572 + -1563. Calculate the greatest common factor of 13131 and i.
9
Suppose -5*s + 757 = -63. Suppose -s = w - 4*a, 0*a = 3*w + a + 479. Let x be (w/6)/(6/(-45)). What is the highest common factor of x and 40?
40
Let v be (-44)/286 + 396/39. What is the greatest common divisor of 6170 and v?
10
Let t be 4/(-10) + -7 + (-399)/(-35). Suppose -t*m + 144 + 2 = -5*k, -m + 4*k = -31. What is the highest common divisor of 208 and m?
13
Let y(l) = -l**2 - 3*l + 8. Let q be y(6). Let i = q + 53. Let m be (-1)/((21/(-456))/i). Calculate the highest common factor of m and 19.
19
Let n(b) = 4*b**2 - 7*b - 7. Suppose 11 + 4 = 5*y. Let p be n(y). Suppose 0 = -5*h + p*h - 81. Calculate the greatest common factor of h and 9.
9
Let q = 8 - -3. Let y = q - -59. Suppose 4*i + 2*z = 84, 4*i - y = 5*z - 0*z. Calculate the greatest common divisor of 120 and i.
20
Let p(f) be the third derivative of 209*f**5/60 - f**4/12 + f**3/3 - 31*f**2 - 1. Let d be p(1). Calculate the greatest common factor of 19 and d.
19
Let o = -118 + 118. Let w(n) = -2*n + 15. Let l be w(o). Calculate the highest common divisor of l and 60.
15
Suppose 0 = -2*f + 10 - 2. Suppose f*z - 3*z - 83 = -a, 0 = a - 5. Suppose 182*t - 179*t = z. Calculate the greatest common factor of 39 and t.
13
Suppose 49*m - 9194 = 7417. Calculate the greatest common factor of m and 565.
113
Let a(h) = -h**2 + 113*h - 393. Let w be a(107). Calculate the highest common factor of 14110 and w.
83
Let h(b) = 3744*b - 52398. Let g be h(14). Suppose -297 = -4*a + 639. Calculate the great